 the prime factors of o(y)?
17
Let b(x) be the third derivative of -x**6/40 - x**5/15 - x**4/8 - 3*x**2. Let o be b(-4). Let l = -72 + o. List the prime factors of l.
2, 17
Suppose 3*s - 8*s = -205. Suppose -39 - s = -2*k. What are the prime factors of k?
2, 5
Let c be (-14)/(-8) + 1/4. Let o(f) = -3*f**2 - f. Let x be o(c). Let p(r) = -r**3 - 13*r**2 + 13*r. What are the prime factors of p(x)?
2, 7
Let h = -2539 + 4624. List the prime factors of h.
3, 5, 139
Suppose -2 = 2*d - 10. Suppose 0 = 2*m - 3*t - 331, -d*t + 672 = 4*m - 0*t. Suppose -2*i + z + 61 = 0, 5*i + 17 = 2*z + m. What are the prime factors of i?
2, 7
Suppose -a = 2*l - 228, l + 4 - 3 = 0. What are the prime factors of a?
2, 5, 23
Let u be -3 + (-65 - (2 + 1)). Let n = u + 138. List the prime factors of n.
67
Suppose 0 = 5*c - 15, 5*c + 934 - 21813 = -4*z. What are the prime factors of z?
2, 163
Suppose 2*i = -2*i + 24. Suppose i*d - 8*d + 20 = 0. What are the prime factors of d/((-2)/(-8)*2)?
2, 5
What are the prime factors of 3/(-15) - 335524/(-70)?
4793
Suppose -333*g - 13773 = -336*g. What are the prime factors of g?
4591
Suppose s - 5*s = 4*p - 12, -20 = -4*s - 2*p. Let x = -5 + s. What are the prime factors of x?
2
Let d(n) = -210*n + 11. What are the prime factors of d(-20)?
4211
Suppose 3*z + 18 = -d, -z - 8 = 4*d - 3*d. List the prime factors of 38/(((-2)/(-4))/(d/(-4))).
3, 19
Let s be 24/(-4 + 0)*3. Let t(c) = c**2 - 3*c - 2. Let z be t(4). Let b = z - s. List the prime factors of b.
2, 5
Suppose 2*i = -2*i + 16. Suppose i*b = 8*b - 244. List the prime factors of b.
61
Let p be (1 + 4 + 0)/1. Suppose -32 = -4*a + 3*a. Suppose 73 + a = p*i. List the prime factors of i.
3, 7
Let y(t) be the first derivative of 12*t**2 - 46*t + 11. List the prime factors of y(8).
2, 73
Suppose -3*y + 1 = -2*m - 4*y, 5*m - 8 = y. What are the prime factors of (1102/4 - 0) + m/(-2)?
5, 11
Suppose -20 = 9*q - 14*q. Suppose 0 = q*o - 3*o - 3. Suppose w + 3*f = 4, 5*f = -3*w + 27 - o. What are the prime factors of w?
13
List the prime factors of 4 - (-3 + -1 + 3)*97.
101
Let p = -155 - -470. What are the prime factors of p?
3, 5, 7
What are the prime factors of (4 - 115/10)*(-48)/9?
2, 5
Suppose 3*d - 15*d + 84 = 0. Suppose -d*h + 646 + 103 = 0. List the prime factors of h.
107
Let y = 345 - 198. What are the prime factors of y?
3, 7
Let z(j) = -8 - 7 + 5*j - 5. What are the prime factors of z(6)?
2, 5
Suppose 4*t = -5*j + 2*j + 40, -4*j = -5*t - 74. Suppose j*s - 208 = 12*s. What are the prime factors of s?
2, 13
Suppose -14 + 23 = 3*m. Suppose -3*x + 461 = z, 2*x - m*z + z - 302 = 0. What are the prime factors of x?
3, 17
Let s = -691 + 1407. List the prime factors of s.
2, 179
Let n(q) = q**2. Let o be n(1). Let k be (o/2)/(3/(-36)). What are the prime factors of ((-68)/k)/(2/3)?
17
Suppose 2*t = -4*a + 1070, -3*a + 659 = -2*t - 161. What are the prime factors of a?
2, 3, 5
Suppose 10*o = 15*o + 70. List the prime factors of ((-21)/o)/((-1)/(-134)).
3, 67
Let z(u) = 9*u + 77. Let a(f) = -4*f - 22. Let c be a(-7). List the prime factors of z(c).
131
Let x = 19 - 19. Suppose 2*w - 10 = x, 4*w - 20 = -2*n + n. Suppose -4*v + 3*v + 9 = n. What are the prime factors of v?
3
Let o = 16 + -11. Suppose 3*p + 5*y + 6 = -11, 5*p + o*y = -15. List the prime factors of ((-22)/33)/(p/(-21)).
2, 7
Suppose -5*z = -2*t - 0*z - 12, -2*t + 2*z = 0. Suppose 2*k = -5*n + 106, -4*k - 71 + 259 = t*n. List the prime factors of k.
43
Suppose 0 = -4*l + 8*l - 8. Suppose 3*o = l*m + 120, 120 = 3*o - 0*m - 3*m. What are the prime factors of o?
2, 5
Let b(z) = z + 8. Let u be b(-5). Suppose -u*y - 22 = 2*q - 123, 116 = 2*q - 2*y. What are the prime factors of q?
5, 11
Suppose 2*z - 5 = z, -4*h + z + 283 = 0. Let b be (-8)/28 - h/(-7). Let a = 37 - b. List the prime factors of a.
3
Suppose 0 = 6*l - 3005 - 5497. List the prime factors of l.
13, 109
Let m(z) = -174*z - 140. List the prime factors of m(-5).
2, 5, 73
Suppose -3*t = 3*v - 99, v - 2*v + 36 = -2*t. Suppose m - 65 = v. What are the prime factors of m?
3, 11
What are the prime factors of -76*(-25 - 28/4)?
2, 19
Let c = 1199 + 101. List the prime factors of c.
2, 5, 13
Suppose 4*a = 2*f + 120 + 7330, 3*a - 3*f = 5592. What are the prime factors of a?
1861
Suppose 781 = 5*s + 246. What are the prime factors of s?
107
Let t be (-949)/26 - 1/(-2). Let z = -103 - -165. Let m = z + t. What are the prime factors of m?
2, 13
Let q = 12 - 3. Let c be ((-24)/q)/((-6)/9). Suppose 3*a - a = c. List the prime factors of a.
2
Suppose 63*z - 83*z = -7840. List the prime factors of z.
2, 7
Let x be (-5880)/(-3) - (-3 + 7). Suppose -708 = 4*d - x. Suppose d = 6*a - 0*a. What are the prime factors of a?
2, 13
Let v(y) = y + 7. Let t be v(13). Let g = 38 - t. Suppose -r + 4 + g = 0. List the prime factors of r.
2, 11
Suppose -2*z + 2*j = 352, 4*j + 145 = -z - 11. Let u = z + 269. What are the prime factors of u?
97
Suppose -1 = z - 7. Let l(i) = -i**2 + 0 - 2 + 3 + z*i - 4. What are the prime factors of l(3)?
2, 3
Suppose -3*m = d - 2*m + 6, -4*m = 2*d + 6. Let a(q) = -q**2 - 10*q - 7. Let r be a(d). Suppose -4*j + j = 15, -r*b - j = -25. List the prime factors of b.
3, 5
Let o(d) = -d + 3. Let l be o(-1). Let j(f) = 9*f + 4. What are the prime factors of j(l)?
2, 5
Let p(c) = 265*c**2 - 39*c - 115. List the prime factors of p(-3).
7, 11, 31
Suppose 3*n = 2*f + 3067, 5*n - 2*f - 5117 = -0*n. List the prime factors of n.
5, 41
What are the prime factors of 153/102*206/(-4)*-4?
3, 103
Let h(i) = 473*i**2 + 189*i + 379. List the prime factors of h(-2).
3, 631
Let i = 1772 - 1022. List the prime factors of i.
2, 3, 5
Let u = -9 + -15. What are the prime factors of (-4380)/u + 1/2?
3, 61
List the prime factors of -1 + 31592/7 + 2/(-14).
2, 3, 47
Let g = 13336 - 8970. What are the prime factors of g?
2, 37, 59
Suppose 3*i = 458 + 1744. What are the prime factors of i?
2, 367
Suppose 24*i - 9*i - 7485 = 0. List the prime factors of i.
499
Suppose -2*f + 3 = -4*j - 9, 0 = f + 4. Let h(n) = n**2 + 4*n + 7. Let d be h(j). List the prime factors of -3 + 2 - (1 - d).
2, 5
Suppose 0 = -c + 5, -b + 2*c = -3*c + 125. Let q = b - -201. What are the prime factors of q?
101
Let n(x) = 282*x - 379. What are the prime factors of n(16)?
4133
List the prime factors of 6/(-4) - ((-13804)/(-8))/(-7).
5, 7
Let o be (-1)/3*(-8 - -8). Suppose -3*i + 2*s - 16 = o, -2*i + 4*s - 12 = 12. List the prime factors of i*46/(-4) + 3.
2, 13
Let w(i) = i**2 - 23*i + 17. Suppose 5*p = k + 2*k + 117, 49 = 2*p + k. What are the prime factors of w(p)?
41
Let v = 7350 + -4277. What are the prime factors of v?
7, 439
Let x(t) = t**3 - 8*t**2 - 66*t - 46. List the prime factors of x(18).
2, 17, 59
Suppose 0 = 2*n + 5*x - 25, 5*n - 9 = -2*x + 22. List the prime factors of (111 + n)/(-1 + 2).
2, 29
Let q(s) = s**3 + 10*s**2 + 8*s - 7. Let n be q(-9). Suppose 2*w = 7*w - n*f - 230, -w - f = -53. What are the prime factors of w?
2, 3
Suppose -v + 8 = -5*v, -184 = 4*b + 4*v. Let r = b - -60. What are the prime factors of r?
2
Let i be (0 - -47)/1 + -1. Let u be 2/(1*(-5)/(-35)). Suppose -3*p + i = -u. List the prime factors of p.
2, 5
What are the prime factors of ((-274092)/156)/(-2*2/4)?
7, 251
Let f(i) = -2 + 2 - 1 - 7 + 24*i**2 - 4*i. Let j be f(5). What are the prime factors of j/66 - 2/(-6)?
3
Suppose 3*c = 6*c - 267. Let f = c - 39. List the prime factors of (140/f)/(2/10).
2, 7
Let u(j) = 36*j + 6. Let z be u(-2). Let t = -48 - z. List the prime factors of t.
2, 3
Let m(a) = -595*a + 210. What are the prime factors of m(-3)?
3, 5, 7, 19
Suppose 0 = t - 2. Suppose -t*x + 6*x + 1 = -3*r, 5*r - 5*x = 45. Suppose 5*l = -2*d + 62, -5*l - 90 - 135 = -r*d. List the prime factors of d.
41
Suppose k + 3*g = 159, -2*k + 0*k - g = -303. What are the prime factors of 360/k*350/4?
2, 3, 5, 7
Suppose -2*g + 158 = 4*m, 2*g + 34 = -2*m + 116. Let f be 768/72*(-9)/(-4). Suppose -2*q - m = -3*p, -5*p = 3*q - 33 - f. List the prime factors of p.
2, 3
Let u = 158 + 50. Let r = -143 + u. List the prime factors of r.
5, 13
Let f = 9 - 4. Suppose 6 = -h + 5*h - 3*m, -f*h = -2*m - 11. Suppose -h*q + 3 = -24. List the prime factors of q.
3
Let z = -1101 + 3069. What are the prime factors of z?
2, 3, 41
Let w(a) = -a**3 + 9*a**2 + 9*a + 1